{"id":243,"date":"2024-07-28T19:24:43","date_gmt":"2024-07-28T19:24:43","guid":{"rendered":"https:\/\/artismederi.com\/?post_type=product&#038;p=243"},"modified":"2024-12-30T23:56:04","modified_gmt":"2024-12-30T23:56:04","slug":"guia-de-estudio-histologia-apuntes-digitales","status":"publish","type":"product","link":"https:\/\/artismederi.com\/index.php\/product\/guia-de-estudio-histologia-apuntes-digitales\/","title":{"rendered":"Gu\u00eda de estudio Histolog\u00eda &#8211; APUNTES DIGITALES"},"content":{"rendered":"<p><strong>Gu\u00eda de estudio histolog\u00eda.<\/strong><\/p>\n<p>\u00cdNDICE:<\/p>\n<p>1. Im\u00e1genes.<br \/>\no Elementos sangu\u00edneos.<br \/>\no Tejido adiposo.<br \/>\no Tejido cartilaginoso hialino.<br \/>\no Tejido \u00f3seo.<br \/>\no Piel y anexos cut\u00e1neos.<br \/>\no Gl\u00e1ndula salival.<br \/>\no Est\u00f3mago.<br \/>\no Es\u00f3fago.<br \/>\no Bazo.<br \/>\no Ganglio linf\u00e1tico.<br \/>\no Intestino delgado.<br \/>\no Intestino grueso.<br \/>\no Ovario y salpinge.<br \/>\no \u00datero.<br \/>\no Ri\u00f1\u00f3n.<br \/>\no Gl\u00e1ndula suprarrenal.<br \/>\no V\u00edas urinarias.<br \/>\no Timo.<\/p>\n<p>2. Cuestionarios.<br \/>\no T\u00e9cnica histol\u00f3gica, microscopio y c\u00e9lula.<br \/>\no Tejido cartilaginoso.<br \/>\no Piel y anexos cut\u00e1neos.<br \/>\no Aparato cardiovascular.<br \/>\no Es\u00f3fago.<br \/>\no Est\u00f3mago.<br \/>\no H\u00edgado.<br \/>\no P\u00e1ncreas.<br \/>\no Ves\u00edcula biliar.<br \/>\no Hip\u00f3fisis.<br \/>\no Tiroides y paratiroides.<br \/>\no Genital masculino.<\/p>\n<p>3. Esquemas.<br \/>\no Tejido epitelial.<br \/>\no Origen de las c\u00e9lulas de tejido conectivo.<br \/>\no Tejido conectivo.<br \/>\no Tejido \u00f3seo.<br \/>\no Elementos de la sangre.<br \/>\no Leucocitos.<br \/>\no Tejido adiposo.<br \/>\no Tejido muscular.<br \/>\no Notas tejido \u00f3seo.<br \/>\no Notas tejido nervioso.<\/p>\n","protected":false},"excerpt":{"rendered":"<p>En esta gu\u00eda de estudio encontrar\u00e1s una nueva forma de aprender y de facilitar tu estudio. Se divide en 3 secciones: la primera con muchas im\u00e1genes con colores y nombre de estructuras, la segunda con cuestionarios de temas y conceptos clave, y la tercera con esquemas que te ayudar\u00e1n a consolidar tu conocimiento.<\/p>\n<p>\u00a1Mucho \u00e9xito!<\/p>\n","protected":false},"featured_media":247,"comment_status":"open","ping_status":"closed","template":"","meta":{"_monsterinsights_skip_tracking":false,"_monsterinsights_sitenote_active":false,"_monsterinsights_sitenote_note":"","_monsterinsights_sitenote_category":0},"product_cat":[32],"product_tag":[],"aioseo_notices":[],"jetpack_sharing_enabled":true,"_links":{"self":[{"href":"https:\/\/artismederi.com\/index.php\/wp-json\/wp\/v2\/product\/243"}],"collection":[{"href":"https:\/\/artismederi.com\/index.php\/wp-json\/wp\/v2\/product"}],"about":[{"href":"https:\/\/artismederi.com\/index.php\/wp-json\/wp\/v2\/types\/product"}],"replies":[{"embeddable":true,"href":"https:\/\/artismederi.com\/index.php\/wp-json\/wp\/v2\/comments?post=243"}],"wp:featuredmedia":[{"embeddable":true,"href":"https:\/\/artismederi.com\/index.php\/wp-json\/wp\/v2\/media\/247"}],"wp:attachment":[{"href":"https:\/\/artismederi.com\/index.php\/wp-json\/wp\/v2\/media?parent=243"}],"wp:term":[{"taxonomy":"product_cat","embeddable":true,"href":"https:\/\/artismederi.com\/index.php\/wp-json\/wp\/v2\/product_cat?post=243"},{"taxonomy":"product_tag","embeddable":true,"href":"https:\/\/artismederi.com\/index.php\/wp-json\/wp\/v2\/product_tag?post=243"}],"curies":[{"name":"wp","href":"https:\/\/api.w.org\/{rel}","templated":true}]}}